er?
False
Suppose 4*w = -11*w. Suppose w = -11*x + 9*x + 298. Is x a composite number?
False
Suppose 5*r - 9694 = 4941. Is r prime?
True
Let j(o) = 14*o**3 + o**2. Let d be j(1). Suppose -24*f + 1629 = -d*f. Is f composite?
False
Let t = -5 + 8. Suppose -4*r + 9*r = 2*y - 152, -93 = 3*r - t*y. Is (r/9 - -3)*-363 a prime number?
False
Let i be 14/(-49) + (-1391)/7. Let y = i + 518. Is y a composite number?
True
Suppose 0 = 4*u - 9427 + 2579. Suppose 0 = -0*x - 2*x + u. Let h = x + -453. Is h prime?
False
Let d = 12 - 7. Let u(n) be the third derivative of n**5/20 + n**4/4 + 2*n**3/3 + n**2. Is u(d) a prime number?
True
Suppose 5*h = 2*s - s - 8014, 24112 = 3*s - h. Is s composite?
False
Let n = 36 + -16. Suppose n + 4 = w. Let p = 169 - w. Is p a prime number?
False
Let m(c) = c**3 - 3*c**2 - 6*c + 11. Let g be m(4). Is (4 - g)*(1757 - 0) composite?
True
Suppose -a - 2*a + 27 = 0. Suppose -2*r - 4 = q - 4*r, -a = -3*r. Suppose -q*y = -0*y - 78. Is y prime?
False
Let b(u) = 2*u**2 + 1. Let d(n) = n**3 - 9*n**2 - 11*n + 11. Let w be d(10). Let h be b(w). Suppose -h*r = -5*r + 388. Is r composite?
True
Let i = 50 - 30. Suppose -q + i = 4*q. Is 3 - (q - (442 - -4)) a prime number?
False
Let y = -14 - -16. Suppose 3*n - y*n = 257. Is n composite?
False
Let i(x) = -x**2 - x - 13. Let r be i(0). Let l = -11 - r. Suppose f + 4 = l*f. Is f a prime number?
False
Is 370516/32 + 66/176 composite?
False
Let v(k) = k**2 - 10*k - 9. Let q(s) = -s. Let y be q(-11). Let x be v(y). Is (x + -1)/((-13)/(-1001)) prime?
False
Let g(u) = -77*u - 3. Let o(z) = -77*z - 4. Let y(l) = 6*g(l) - 5*o(l). Is y(-1) composite?
False
Suppose -7*p - 5782 = 5544. Let v = -1031 - p. Is v prime?
True
Let x = 437 - -280. Let d = 406 - x. Let p = d - -548. Is p a composite number?
True
Let f(v) be the third derivative of v**5/60 - v**4/8 - 5*v**3/6 - v**2. Let u be (11 - 0) + -5*3/5. Is f(u) a composite number?
True
Let q(d) = -d**3 - 17*d**2 - 5*d - 45. Let l be q(-17). Is l/48 - (-2282)/12 composite?
False
Let j(s) = -2*s - 5*s + 56*s**2 + 13 - 3 + 174*s**2. Is j(3) a prime number?
False
Let l = 2 - 3. Let o(d) be the third derivative of -25*d**6/12 - d**3/6 - 9*d**2 - 3. Is o(l) a prime number?
False
Let x(f) = 31*f**2 + f + 4. Let w be (2 - 1)*-6 - -2. Let i be x(w). Suppose 94 + i = 2*p. Is p a composite number?
True
Is 1713937/161 - (-24)/(-42) prime?
False
Is (2 + -1)*(10880 + (9 - 6)) composite?
False
Let h be 4/30 - (-3)/((-45)/2057). Let c = h - -340. Is c a prime number?
False
Let p = 14 + -6. Let d = p + -6. Suppose -255 = -5*h - 4*q, d*h - 4*q + q - 102 = 0. Is h prime?
False
Suppose 2 = -4*l - 3*x, 5*x = -3*l - 0 + 4. Let i be -2*l/(-2)*-3. Is (-1388)/i*(-9)/6 a prime number?
True
Let b(g) = -g + 0 - 3*g**3 - 3 + 2 + 4*g**3 + 5*g**2. Let d be b(-5). Suppose -d*l = -2*q - 202, -92 = -3*l - 3*q + 82. Is l a prime number?
True
Is (6/8*1)/((-72)/(-412704)) prime?
False
Let g be (28/4 - 1) + 1. Suppose 0 = 4*p - g*p - 6. Let c(a) = -32*a**3 + 3*a + 3. Is c(p) a composite number?
True
Is 15350 + ((-26)/39)/(2/3) a composite number?
False
Suppose -4*s + 2*n + 2487 = -515, -5*n - 2987 = -4*s. Let b = 17 - 8. Suppose 0 = 6*z - b*z + s. Is z a composite number?
False
Let h = 27598 + 20011. Is h prime?
True
Let y = 11 - -4. Suppose 5*n + 15 = -5*h, -2*n - y = -0*n - h. Let q(v) = 12*v**2 - 10*v - 7. Is q(n) composite?
True
Let j(d) = 4*d**3 + 10*d**2 - 4*d - 3. Let m(q) = q**3 + q**2 + 1. Let u(l) = j(l) - 3*m(l). Let v be u(-8). Let i = 435 + v. Is i a composite number?
False
Let j(m) = -61*m - 40. Is j(-33) a prime number?
True
Let j be (-30277)/(-5) - ((-54)/15 + 4). Let z = j - 3334. Is z composite?
True
Is (1095 - -94) + 2/(-1) a composite number?
False
Suppose 5*a + 3 - 9 = 3*z, -2*a = 6. Let f(i) = 12*i**2 - 2*i + 3. Let j be f(z). Suppose -6*r + j = -r. Is r a composite number?
True
Let f = 1867 + -858. Is f a composite number?
False
Let j(p) = -2*p**3 + 6*p**2 + 5*p - 4. Let v be j(-4). Suppose 5 + 46 = l. Let r = v - l. Is r prime?
True
Let u be 2235/3*(-6 + 13). Suppose -4*y + y = -5*i - 3097, 5*y + 5*i = u. Is y a prime number?
True
Suppose q - 3*q + 1528 = 0. Let d = -2 + 6. Suppose 0*z = -d*z + q. Is z a prime number?
True
Suppose -3*n = -167 - 400. Suppose n + 3 = 3*o. Let g = o + -21. Is g composite?
False
Let c(i) = -7*i**3 - 12*i**2 + 22*i - 32. Is c(-13) composite?
False
Let s(p) = 2*p**2 + 28*p + 26. Let v be s(-14). Suppose -o + 2*o = 5, 3*z = 5*o + 83. Let y = z - v. Is y a prime number?
False
Let p be 3/7 - (-126)/49. Is 1*-3 + (p - -1) + 76 a composite number?
True
Let a(x) = -84*x + 38219. Is a(0) a prime number?
True
Suppose 3*i + 4*g = 170, 5*g = -5*i + 4*i + 64. Let c = 79 - i. Suppose 0 = 5*n - c - 85. Is n prime?
False
Suppose 0 = -v - 4*v. Suppose v = u - 0*u. Suppose u = -5*g + g + 1756. Is g a prime number?
True
Let j(h) = 2*h + 24. Let y be j(0). Suppose -5*g + 4 - y = 0. Is (-14)/6*204/g a prime number?
False
Let y(h) be the second derivative of 5*h**4/3 + 5*h**3/3 + 7*h**2/2 - 15*h. Is y(-6) a prime number?
False
Let b(w) = w + 1. Let h be b(3). Let z be 0 + h/(8/6). Suppose 0 = z*f - 286 + 13. Is f a prime number?
False
Let u(v) = 70*v**2 - 40*v + 59. Is u(-18) a prime number?
True
Suppose -3148 = -4*y + 5*c, 651 = y + c - 127. Let x = y + -445. Is x a prime number?
True
Suppose 0 = 3*k - 5*u - 4, 3*k - 5*u + 17 = 7*k. Suppose 0 = k*q - 6*q + 10821. Is q a composite number?
False
Let l be (-9 + 3 + 6)/(1 - 3). Let b = 31 + l. Is b prime?
True
Let y(g) = -g**3 + 17*g**2 - 15*g - 15. Let i be y(16). Let f(o) = 5*o. Let v be f(i). Suppose -4*m + v*m - 9 = 0. Is m a prime number?
False
Suppose -14 = -2*f - 8. Let x(j) = 2*j + 19. Let o be x(-8). Suppose f*q - 238 = 2*l + 170, -411 = -3*q + o*l. Is q composite?
True
Let o = 84876 - 46375. Is o a composite number?
False
Let n be (-1 - -1 - 1)*(28 + -33). Let a(b) = 8*b**3 - b**2 + 13*b + 2. Is a(n) a composite number?
True
Let c(v) = 3*v - 14. Let u be c(7). Let x(l) = -l**2 + 6*l + 10. Let d be x(u). Suppose 3*g = h + 4*h + 256, 4*h = -d*g + 211. Is g prime?
False
Suppose -5*m - 10 - 16 = 2*j, 4*m + 30 = 3*j. Let w be (6/(-4))/(m/(-40)). Is (-6)/15 + (-714)/w prime?
True
Let y(i) = 24*i**2 + i - 5. Let n be y(2). Suppose 4*z + n = 7*z. Is z a prime number?
True
Is 15454/((-12)/(-66)*11) a prime number?
True
Let l(o) = o**2 - 18*o + 3. Let f be l(18). Suppose -3*u + f*t + 343 = 85, -t = 2*u - 163. Is u composite?
False
Let z(u) = 3*u**3 - 5*u**2 + 10*u - 14. Let q be z(6). Suppose -2*v = -5*n - q, 2*n - 522 = -2*v + 3*n. Is v prime?
False
Suppose 0 = 2*y - y + 1. Suppose -1 = -5*s - 6. Is s + 2 + y - -353 prime?
True
Suppose -3*l - 2*v - 7468 = 0, 0 = -3*v - 0*v + 12. Let w = 3739 + l. Is w a prime number?
False
Suppose -c = -2*i - 5, -4*c + i + 10 = 3*i. Suppose 3*m = -c*o - 2*o + 558, m - 206 = 5*o. Is m a composite number?
False
Let r = -505 - -728. Is r composite?
False
Let y be 2*(-1 - 21/(-6)). Let o(p) = -3*p + 6. Let a be o(y). Is 2 + -1 + (-738)/a prime?
True
Suppose 3*a = -5*c + 1171, 3 - 13 = -5*c. Let w = a - -566. Is w a composite number?
False
Suppose 892 = -r + 2*r + 3*y, 2*y - 897 = -r. Is r a composite number?
False
Let c(w) = -144*w + 77. Is c(-23) prime?
True
Suppose -4*a = -3*a - 2. Suppose 0 = 5*l - 2*y - y + 95, -a*l + 2*y - 42 = 0. Is (-2)/8 + (-2388)/l a composite number?
False
Suppose z - 4*n = -3*n + 1, -n + 11 = z. Let y be 52/(-2)*(-9)/z. Is (4 + y/(-12))*892 prime?
False
Suppose -26*y = -35*y + 135045. Is y prime?
False
Let w(l) = -8*l + 12 + 9 - 11 + 0. Let t be w(-7). Let q = 133 - t. Is q a prime number?
True
Let d be (-125)/(-30) - (-1)/(-6). Suppose d*n - 691 + 1791 = 0. Let b = n - -1392. Is b a prime number?
True
Is (7 - 2) + -1 + (-10346)/(-2) prime?
False
Let r = 2309 + 3602. Is r a composite number?
True
Let t(u) = 115*u**3 + 2*u**2 + 3*u - 9. Let w be t(4). Suppose 5*f - 280 - w = 0. Is f a composite number?
True
Suppose -7*c = -2*c. Let x(m) = -m**2 - m + 1261. Is x(c) prime?
False
Let w(s) = -7*s - 7. Let g be w(-16). Let h = -21 + g. Suppose -5*x = -5*l - h - 1011, x - 195 = -5*l. Is x a composite number?
True
Suppose -5*c = 2*b - 3486, -4172 = -3*b - 5*c + 1047. Is b a prime number?
True
Let v(i) = 23 + 65 - 25 + 48 - i. Is v(0) prime?
False
Let x = 93